 = 49930 - 18782. What is the hundreds digit of u?
1
Suppose -9*v - 2054 = -11*v + 8208. What is the units digit of v?
1
Suppose -9*d + 236703 = 11*d - 143937. What is the tens digit of d?
3
What is the thousands digit of 12363 - (12/18)/((-9)/((-108)/(-8)))?
2
Let z be (5/3)/1*(55 - 94). What is the units digit of 11271/z*(-2)/(-4)*-10?
7
Let a(w) = w**2 - 3*w - 14. Let o be a(6). Let y = 49 + -47. Suppose -3*i - 5*j + 325 = y*i, -j - 270 = -o*i. What is the units digit of i?
7
Let t = 194 + -190. Suppose -t*z = -5*a - 3*z + 527, -z = -4*a + 421. What is the hundreds digit of a?
1
Suppose 217*l - 417380 + 97956 = 0. What is the tens digit of l?
7
Let v = 51 - 1. Suppose -6 = -8*o + v. Suppose -2*t + 77 = -o. What is the units digit of t?
2
Let g(i) = 30*i - 210. Let v be g(7). Suppose -14*o - 148 + 13042 = v. What is the units digit of o?
1
Let v = 55 - 50. Let u(a) = -60 + 0*a + 28*a + 54. What is the units digit of u(v)?
4
Let b(o) = 8*o - 1. Let w be 5/(-1)*(12 + -14). Let j(d) = d**3 - 10*d**2 + 8. Let r be j(w). What is the units digit of b(r)?
3
What is the ten thousands digit of (1 - (-13)/(-4))/(4 + (-2087085)/521760)?
2
Let m(d) = 205*d**2 - 109*d - 1578. What is the hundreds digit of m(-14)?
1
Let r(w) = 0*w + 12154*w**2 + 3*w + 4*w + w - 12122*w**2 + 45. What is the tens digit of r(-5)?
0
Let r(q) = q**3 - q + 1. Let a(d) = 4*d**3 + 5*d**2 - 3*d - 3. Let o(m) = -a(m) + 2*r(m). Let z be o(-5). Let u = z + 54. What is the tens digit of u?
7
What is the tens digit of 1445/(4371/39950 + (-6)/75)?
3
Suppose y = 16*y - 30. Suppose b = 4*b + 4*u - 26, -2*u + 14 = y*b. What is the units digit of (-86)/(-1) + (-4 - (b - 3))?
3
Let t be (8/10)/((-1)/35). Let z = 60 - -46. Let x = z + t. What is the units digit of x?
8
Let x be 4 - (4/10 - (-16)/(-40)). Suppose -3*h + 291 + 57 = 4*d, -x*d - 4*h + 352 = 0. What is the units digit of d?
4
Suppose 4*v + 3*i - 3 = 0, 32*i - 29*i = -3*v. What is the hundreds digit of v + -4 + 3 - (-6 + -1309)?
3
Suppose 3 = -18*v + 19*v. Suppose -v*z + 2823 = 5*c, -3*z + 949 = -2*z - c. What is the tens digit of z?
4
Let y(k) = k**3 - 9*k**2 - 9*k - 8. Let o(m) = m**3 - 2*m**2 - 6*m + 2. Let c be o(4). Let v be y(c). Suppose v - 35 = -3*p. What is the tens digit of p?
1
Suppose -140*x - 2360658 = -227*x. What is the thousands digit of x?
7
Suppose o - 11*q = -13*q - 488, 4*o + 1964 = -5*q. Let c = -286 - o. What is the hundreds digit of c?
2
Let s(n) = -6 + 20 + 403*n - n**2 - 434*n. Let x be s(-23). Suppose 0 = 6*y - x - 234. What is the tens digit of y?
7
Suppose 0 = 11*h + 44 - 220. Suppose -5*y + h*y = 693. What is the units digit of y?
3
Suppose 0*l = 14*l - 3080. Let g = l - -14. What is the units digit of g?
4
Let n = 679 + 305. Let f = -593 + n. What is the hundreds digit of f?
3
Let g = -56 + 56. Suppose -3*f + 35 + 10 = g. Let v(u) = -u**3 + 16*u**2 - 4*u - 14. What is the hundreds digit of v(f)?
1
Suppose 2*q - 2*a - 22 = -2*q, 0 = -5*q + a + 29. Let y(x) = -2*x + 14. Let p be y(q). What is the units digit of 2/p + (4 - -37)?
2
Suppose 0 = 29*w - 33*w + 336. Suppose 0 = w*y - 85*y + 1. What is the units digit of y/(-2)*(-6 + -460)?
3
Suppose -2*r - 16*r + 3510 = 0. What is the tens digit of -36*(2 + r/(-20))?
7
Suppose -14*x + 11865 = -11*x + 3*y, 0 = -4*x + y + 15820. What is the tens digit of x?
5
Suppose 13416 = 13*c - 2*r - 2728, 4 = 4*r. What is the hundreds digit of c?
2
Let a(g) = -20*g - 15*g - 73 - g + 136 - 81. Let o be (3 + -5)*(3 + -1). What is the tens digit of a(o)?
2
Let x = 54152 - -470. What is the units digit of x?
2
Suppose -3*t - p = -0*t - 16, 4*t = 2*p + 38. Let k(f) = 4*f - 22. Let w be k(t). What is the units digit of ((-2)/w)/((-3)/27)?
3
Let i be (109 + 5)/((-8)/(-12)). Suppose -3*b + i = 5*x, -2*b + 35 + 134 = 5*x. Suppose 44*w - x = 43*w. What is the tens digit of w?
3
Suppose 0 = -v + 5*o + 22278, -86*v = -88*v + 3*o + 44542. What is the thousands digit of v?
2
Let p be (-2 + (-52)/(-20))/(5/(-50)). What is the units digit of (p*2)/((-51)/8024)?
8
Let i(y) = y**3 - 10*y**2 - 29*y + 50. Let g be i(12). What is the tens digit of (21 - -1)*8/(-4)*g?
4
Let y(f) = 34*f - 246. What is the thousands digit of y(42)?
1
Suppose 5*i - 2*f - f - 31 = 0, i + 5*f + 5 = 0. Suppose -i*c - 7*c = -1104. What is the units digit of c?
2
Let f = 42 + -54. Let w be (-2)/f + 1556/24. Suppose -w + 397 = 4*r. What is the units digit of r?
3
Let b = 38 - -1. Suppose 0 = -4*g - j + 981, 672 = 2*g - 3*j + 199. Suppose -b*h + 41*h = g. What is the tens digit of h?
2
Let a be 9 + 0/5 - 0. Let x be (8/10)/(a/(270/(-12))). What is the units digit of (54/15)/(x/(-20))?
6
Let o(c) be the third derivative of 3*c**4 - 5*c**3/3 - 133*c**2. What is the tens digit of o(8)?
6
Let n(h) be the second derivative of h**4 - 25*h**3/2 + 6*h**2 - 20*h. What is the units digit of n(11)?
9
Let p = 324 - 278. What is the tens digit of p/(-10) + (-16)/40 - -370?
6
Suppose -108*g + 5151 = -99*g - 56310. What is the hundreds digit of g?
8
Let l = 4 - -7. Suppose 3*v = l*v + 936. Let j = 197 + v. What is the units digit of j?
0
Suppose -732*x = -743*x + 195855. What is the hundreds digit of x?
8
Let l be (-2*(-1)/(-2))/((-5)/10). Suppose -190 = -l*k + a - 33, 3*a = 5*k - 393. What is the tens digit of (k/8)/((-27)/(-144))?
5
Let x = -6 + 18. Suppose -1576 = 62*w - 460. What is the tens digit of w/x*((-3872)/(-6))/(-4)?
4
Suppose 0 = 23*c - 16*c + 7. Let x(u) = -1103*u - 6. What is the units digit of x(c)?
7
Suppose 0 = -114*d + 115*d - 700. Suppose 7*y = 2*y + d. What is the hundreds digit of y?
1
Suppose 5*i - 153238 = -2*v - 26055, -2*i + 127174 = 2*v. What is the thousands digit of v?
3
Suppose 70206 = 74*x - 58692 - 80744. What is the thousands digit of x?
2
Suppose -4*o + 20851 = -u, 0*o - 4*u = 3*o - 15643. What is the hundreds digit of o?
2
Suppose 0 = 30*j - 145977 - 1323. What is the thousands digit of j?
4
Let k = -82 + 89. Suppose -773 = -k*h + 2482. What is the hundreds digit of h?
4
Let q be 22/(-99) - (1 - 3740/(-18)). What is the hundreds digit of -2 + (-5)/(5/q)?
2
Suppose -11641 = -22*i + 8269. What is the units digit of i?
5
Let i(u) be the second derivative of u**3/6 + 51*u**2 + 108*u. What is the units digit of i(-14)?
8
Suppose -52*v + 0*v = -186316. What is the tens digit of v?
8
Suppose 5*f = -2*l + 33, -4*l = -7*l + 5*f - 13. Suppose l*n - 5*u = 3953 - 1141, 0 = 4*n - 2*u - 2812. What is the hundreds digit of n?
7
Let s = -2265 - -6369. Suppose -33*g = -41*g + s. What is the tens digit of g?
1
Let f(v) = 8*v + 4. Let j be f(2). Suppose -j = -5*c + 5. Suppose 5*r - c*k - 561 = -3*k, 234 = 2*r + 4*k. What is the units digit of r?
3
Let g = 3194 - 2113. Suppose 0 = 4*k - 5*i - 935, -5*k + 66 + g = i. What is the units digit of k?
0
Suppose -3*c = -47*u + 46*u + 8578, 5*u - 3*c - 42950 = 0. What is the units digit of u?
3
What is the tens digit of (-2)/21 - (-46764256)/6468?
3
Suppose 5*a - 83607 = -w, 11*a = -w + 4*a + 83599. What is the ten thousands digit of w?
8
Let u(n) = -274*n**3 + 2*n**2 - 2*n - 2. Let v be 7 - (-28)/(-35)*10. What is the units digit of u(v)?
6
Suppose 429*u - 436*u = -51450. What is the hundreds digit of u?
3
Suppose 7*z - 58 - 61 = 0. Suppose -4030 + 307 = -z*l. What is the tens digit of l?
1
Let s(t) = t**3 + 3*t**2 - 5*t - 6. Let f be s(-3). Let w be (-6)/(-27) - (4 - 1060/f). Suppose 0 = 2*a - w - 30. What is the units digit of a?
2
Let j be 1/(4/8) + -2. Suppose 12*a - 8*a - 1400 = j. What is the units digit of a?
0
Suppose 3*g - 2*t - 59 = 0, -2*g + 6*t = 5*t - 41. Suppose g*q - 326 = 410. What is the tens digit of q?
3
Suppose -756 = 9*v - 11*v. What is the units digit of v/99 - (-2)/11?
4
Let i be -6*6/9*5/(-10). Suppose -c + 6 = i. Suppose -172 = c*j - 980. What is the hundreds digit of j?
2
Let j(r) = 2*r**2. Let z(p) = p**2 - 34*p - 175. Let n(h) = 3*j(h) - z(h). What is the hundreds digit of n(-7)?
1
Suppose -2*z - 22 + 8 = 0. Let h(j) = 3*j**2 - 10*j + 12. Let k(x) = -7*x**2 + 19*x - 24. Let d(b) = 9*h(b) + 4*k(b). What is the units digit of d(z)?
1
Let l be (-1)/3 - -3*(-791)/9. Let c = -146 - l. Suppose 3*o = 0, -3*j + 4*j - o - c = 0. What is the units digit of j?
8
Suppose 15*r - 12*r = 0. Suppose -125 = -5*i - w, 5*w = 4*i - r*i - 129. What is the tens digit o